 9*r**2 + 10*r + 1. Suppose -5*w + w + 4 = 0, -5*w - 58 = -3*t. Let u = 25 - t. Let v be (-1 - -6)/(2/u). What is c(v)?
1
Let u(z) = -z**3 - 13*z**2 - 31*z - 29. Suppose 64*c + 750 = 37*c - 48*c. Calculate u(c).
-19
Let c(n) = 2*n - 14. Suppose 5*h + 4*u + 11 + 4 = 0, -3*h - 3*u = 9. Let t(k) = 11*k + 39. Let v be t(h). Give c(v).
-2
Let o be 1 - (-8)/(2/1). Let d(w) be the third derivative of -w**4/8 - w**3/2 + 4*w**2. Let v(u) = -5*u - 2. Let m(p) = 3*d(p) - 2*v(p). Determine m(o).
0
Let w = 26 - 37. Let u(s) = 16*s**2 - 35*s + 16. Let o(n) = -1 - 4*n + 7 + 3*n**2 - 3 - 3*n. Let b(k) = w*o(k) + 2*u(k). What is b(8)?
-9
Let x(q) = -10 - 12*q + 61 - 15. Calculate x(8).
-60
Let c(t) = 17*t**2 - 17*t + 4. Let x(l) be the second derivative of -l**4/3 + 2*l**3/3 - l**2/2 + 2*l + 3. Let s(a) = -4*c(a) - 18*x(a). Give s(3).
26
Let d(b) = -b**3 - 8*b**2 + 9*b + 3. Let t be d(0). Let q(r) = -28*r - 5. Calculate q(t).
-89
Let r(m) be the first derivative of 31*m**2/2 - m - 990. Determine r(2).
61
Let j(t) be the third derivative of -8*t**2 - 5/6*t**3 + 1/12*t**4 + 0*t + 0. Let f = 2019 + -2014. Calculate j(f).
5
Let a be 7*(-7)/(-98)*20. Let b(l) = 3*l**2 - 25*l + 14. What is b(a)?
64
Let r(n) = -15 - 134*n + 143*n - 29 + 88. Calculate r(-4).
8
Suppose t - 2*k + 20 = 0, 0 = -10*t + 7*t - 2*k - 4. Let n(j) = 59*j + 361. Determine n(t).
7
Let i(o) = 2*o - 58. Let x be i(22). Let h(q) = q**2 + 16*q + 12. Determine h(x).
-16
Suppose -458 + 53 = -135*i. Let u(y) = -5*y**2 + 14*y - 2. Give u(i).
-5
Let y = 130 + -121. Let d(h) = 20*h + 0 + 1 - y*h - 10*h. Determine d(-2).
-1
Let x(u) = u + 2. Let i = 372 + -371. Let t be 12/(-7 + 10/i). Give x(t).
6
Let w(m) = m**3 + m**2 + m + 2. Let x be w(0). Let j(u) = -102*u - 36. Let l(g) = 43*g + 16. Let n(f) = -3*j(f) - 7*l(f). Calculate n(x).
6
Suppose -4*k - 4 = 0, k = b + 5*k + 4. Let g = -3 + 17. Suppose p - 8*p - g = b. Let h(m) = m**3 - m**2 - 2*m. Determine h(p).
-8
Let u(s) = -3*s**3 - 4*s - 8. Let p(o) = o**3 + o**2 + 2. Let h(i) = 4*p(i) + u(i). Give h(-4).
16
Let f(y) be the second derivative of -7*y**5/10 + y**4/12 + y**3 + y**2/2 + 3*y + 25. Let v(c) = c**3 - c. Let a(g) = -f(g) - 4*v(g). What is a(-1)?
-10
Let w = 195 + -10. Let z = w + -201. Let q(c) = -c - 10. Determine q(z).
6
Let x(u) = -u**2 - 3*u - 6. Suppose -194 = -6*q - 176. Suppose -q*g - 21 = -3*i, -21 = 3*g - 0*g + i. Calculate x(g).
-34
Let l(u) = u**2 + 15*u + 58. Let i(f) = -40*f**2 + 1001*f - 32. Let c be i(25). Calculate l(c).
2
Let o(t) be the first derivative of 2*t**3 + 21*t**2/2 + 845. Calculate o(-4).
12
Let l(i) = i**2 - 4*i + 23. Let b(g) = 2*g - 8. Let z(m) = -2*b(m) - l(m). Suppose -4 = 3*o + 2. Let v be ((-2 - -2)/(-3))/o. Determine z(v).
-7
Let a(k) = k**2 + 3*k - 50. Let n(m) = 4*m**2 + 559*m + 971. Let d be n(-138). What is a(d)?
-10
Let q(c) = c**3 + 5*c**2 + 4*c + 2. Suppose -4*u + 0*f - 12 = 3*f, -2*f - 12 = 4*u. Let w be (12 + -8)/(u + 2). What is q(w)?
2
Let v(h) = 7*h**2 - h - 104. Let f be v(4). Let a(o) = -o**3 + 6*o**2 - 9*o + 1. Give a(f).
-3
Let j(i) = -2*i - 2*i - 8 + 2 + 5*i. Suppose -5*l + 4*m = 2*m - 41, -34 = 2*l + 16*m. Give j(l).
1
Let t(n) = 2*n - 379. Let u(l) = -l + 218. Let y(v) = 4*t(v) + 7*u(v). What is y(-13)?
-3
Let b(s) = -4*s + 4*s + 20*s - 22 + 13*s + 34*s**2 - 36*s**2. Give b(16).
-6
Let p(n) = n + 17. Suppose 0 = m - 5*x + 19 - 37, -3*x = 5*m - 90. What is p(m)?
35
Suppose 63*v - 58*v + 104*v + 654 = 0. Let t(i) = 0*i - i + 4 + 4. Give t(v).
14
Let h(k) = -49*k**2 - 30*k - 114. Let f(c) = -20*c**2 - 15*c - 55. Let g(p) = -5*f(p) + 2*h(p). What is g(-7)?
40
Let t(i) = 4*i - 2*i + 24 - 5. Let n = 11887 + -11897. Calculate t(n).
-1
Suppose 2*x - 2 - 10 = 3*i, 4*i - 5*x + 9 = 0. Let d(q) = -4047 + 1347 + q + 1347 + 1355 + 0*q. What is d(i)?
-4
Let n(p) be the second derivative of -p**6/180 - p**5/24 + 7*p**4/24 + 16*p**3/3 - 11*p - 7. Let i(s) be the second derivative of n(s). Calculate i(-5).
-18
Let f(r) = r**2 + 3*r + 4. Suppose -21 = -3*l - 2*t, 16*l - 14*l - 14 = -4*t. Calculate f(l).
74
Let z(x) be the third derivative of -x**6/120 - x**5/15 + x**4/8 - 4*x**3/3 - 3330*x**2. Calculate z(-5).
2
Suppose -4*g - 32 + 160 = 0. Suppose 4*v - 12 = -g. Let z(c) be the first derivative of -c**3/3 - 3*c**2 - 7*c - 10. Give z(v).
-2
Suppose 657 = 19*r + 638. Let u(g) be the first derivative of -r + 1/3*g**3 + 4*g + 3/2*g**2. Determine u(-3).
4
Suppose 2*n + 2*n - 20 = 0. Let o(a) = a**2 + a - 14. Let l(m) = m**2 - 11. Let t(u) = -3*l(u) + 2*o(u). Calculate t(n).
-10
Let n(q) be the third derivative of 5*q**4/24 + q**3/6 + 11*q**2. Let v(f) = -14*f - 4. Let o(i) = -8*n(i) - 3*v(i). Let l = 30 - 36. Give o(l).
-8
Let o(b) be the third derivative of 0 - 34*b**2 - 1/6*b**3 - 1/24*b**4 + 0*b. Let t(a) = -2*a - 10. Let z(w) = o(w) - t(w). Calculate z(-7).
2
Let g(j) = -j**2 + 12*j + 5. Let h be 4 + 66/(-15) - 2/(-5). Suppose -4*p + 4*s + 19 + 9 = h, 15 = 3*s. Give g(p).
5
Let d(m) = m**3 + 7*m**2 + 6*m + 6. Let i(n) = 2*n**3 + 14*n**2 + 12*n + 12. Let v(p) = -7*d(p) + 4*i(p). Let a be 75/(-375) + 29/(-5). Give v(a).
6
Let b = 153 - 137. Suppose -r + 2*r = 5*p - b, -3*p - r = -8. Let c(h) = 4*h - 2*h - 2 + 3*h - p*h. Calculate c(5).
8
Suppose 160 + 398 = -93*u. Let s(o) = -2*o**2 - 2*o + 4. Give s(u).
-56
Let t(b) be the third derivative of -b**4/24 + b**3 - b**2. Let r(x) = 2 - 6*x + 11*x**2 + 2*x - 16*x**2 + 4*x**2 - x. Let m be r(-3). Determine t(m).
-2
Let g(c) = 16*c - 2 - 3 + 10 - 7. What is g(3)?
46
Let x be -1 - -15 - (-28)/(532/(-171)). Let g(j) = -j**3 + 8*j**2 - 3*j - 14. Calculate g(x).
46
Let n(b) = b**3 + 9*b**2 + 8*b + 5. Let m be (-2 - 0)*((-98)/(-4))/1. Let r = m + 54. Suppose 3*c - 16 = r*c. What is n(c)?
5
Let i(m) = 2*m**2 - 12*m - 4. Let a(s) = 3*s**2 - 11*s - 4. Let g(r) = 3*a(r) - 4*i(r). Determine g(-12).
-32
Let x = 1677 + -1673. Let p(g) = -g**3 + 3*g**2 - 11*g + 15*g - 6 - g**2. What is p(x)?
-22
Let n(q) = -240*q + 1670. Let z be n(7). Let t(g) = -7*g - 72. Calculate t(z).
-2
Let b(j) = -7 - j + 0 + 0*j + 2*j. Suppose 786 = 3*h + 4*a + 125, -2*h + 446 = 4*a. Let i = 208 - h. Give b(i).
-14
Let r(w) = w**2 - 5*w - 30. Let z be ((-4)/(-22) - (-5160)/660)/(-2). Determine r(z).
6
Let w(a) be the first derivative of -a**4/4 - 14*a**3/3 - 5*a**2 + 13*a + 1246. What is w(-13)?
-26
Let o(d) = -d**3 + 8*d**2 + 9*d - 21. Let t be o(9). Let g be -1*1*(10 + t + 10). Let f(m) = 3*m**3 - 4*m**2 + 3*m. Determine f(g).
2
Let b(o) = -o**3 + 14*o**2 + 14*o + 19. Let r = -4675 - -4690. Give b(r).
4
Let v be (-3 - -13)/(-2)*-1. Let c(h) = 3*h**3 - 3*h**2 + 4. Let d(o) = 33 - 3*o**2 + 0*o**2 - 22 + 10*o**3 - 5*o**2. Let f(k) = -7*c(k) + 2*d(k). Give f(v).
-6
Let y(l) = -43136*l + 21560*l - 591 + 21564*l. Calculate y(-49).
-3
Let t(k) be the third derivative of k**6/360 - k**5/20 + 46*k**3/3 - k**2 + 5*k. Let v(p) be the first derivative of t(p). Calculate v(6).
0
Suppose -6*a = 34 + 56. Let u be (-4 - 2)/(a/(-5) - 2). Let t(h) = -h**2 - 8*h - 5. Give t(u).
7
Let d(h) = -3*h - 20. Let n(q) = 9*q**3 + 3*q**2 + 4*q + 2. Let o be (-1)/(-2 + 5 + -2). Let b be n(o). Determine d(b).
4
Suppose 4*r + 4 = 0, -3*c - 2*r - 7 = -7*r. Let w(x) be the first derivative of -x**3/3 - 5*x**2/2 - 5*x - 68. Give w(c).
-1
Let u(h) = h - 13. Let y(s) = -7*s + 56. Let o(z) = 4*u(z) + y(z). Determine o(5).
-11
Suppose -36 - 44 = 8*h. Let v(n) = -n**3 - 10*n**2 + 7*n - 3. What is v(h)?
-73
Let y(a) = 21*a + 3 + 32*a + 5*a**2 - 16*a - 11*a. What is y(-5)?
-2
Let a(i) = -3*i**2 - 2*i + 6. Let t(v) = v**2 + 1. Let j(z) = -a(z) + 5*t(z). Let s = -30 + 32. Suppose o - 3 + s = 0. Give j(o).
9
Let f be 30/60 + (-95)/2. Let s = -84 - -40. Let m = f - s. Let h(q) = q + 6. Give h(m).
3
Let w(l) = 15*l**2 - 4*l - 13. Let u(y) = -y**2 + 12*y + 53. Let j be u(15). Let z(o) = 22*o**2 - 6*o - 21. Let k(v) = j*w(v) - 5*z(v). What is k(1)?
9
Let b be 0 + (4 - (5 + -1)). Suppose -16*w - 3 - 45 = b. Let d(p) = 13*p**2 + 7*p + 16. Let t(r) = 3*r**2 + 2*r + 4. Let l(q) = 2*d(q) - 9*t(q). What is l(w)?
-1
Let y(i) = -i**2 - 6*i + 24. Suppose 16*m + 339 = 211. Determine y(m).
8
Let x(u) = -16*u**2 + 28*u - 446. Let b(c) = -7*c**2 + 13*c - 222. Let a(w) = 13*b(w) - 6*x(w). Let d(n) be the first derivative of a(n). What is d(1)?
11
Let p(g) = 3*g -